culate the highest common factor of 7047692 and 204268.
892
What is the greatest common divisor of 28760820 and 550?
110
Calculate the highest common divisor of 20020006 and 1731662.
12458
Calculate the highest common divisor of 514 and 4614949.
257
What is the greatest common factor of 1540001 and 943?
41
Calculate the greatest common factor of 1163089 and 6758.
31
What is the highest common factor of 39020 and 17360?
20
What is the highest common divisor of 9156 and 56424?
12
Calculate the greatest common divisor of 2940047 and 440.
11
Calculate the greatest common factor of 690 and 18485.
5
Calculate the highest common divisor of 20566544 and 76136.
2456
What is the highest common divisor of 4680 and 2367?
9
Calculate the greatest common divisor of 12 and 126167451.
3
What is the greatest common factor of 655494422 and 11?
11
Calculate the highest common factor of 42224529 and 327.
327
What is the greatest common divisor of 17048 and 63056?
8
Calculate the highest common factor of 917317764 and 162.
54
What is the highest common factor of 18 and 86743482?
6
Calculate the highest common divisor of 220 and 6617776.
44
What is the highest common divisor of 17263 and 4652237?
283
What is the highest common factor of 426161684 and 260?
52
Calculate the greatest common factor of 3461 and 665276881.
3461
What is the highest common divisor of 1392 and 9571088?
16
Calculate the greatest common factor of 532635 and 13830.
15
Calculate the highest common divisor of 469 and 13268144.
67
What is the greatest common divisor of 798 and 2886955?
19
What is the greatest common factor of 559236531 and 21?
21
Calculate the greatest common factor of 126997531 and 17.
17
What is the highest common factor of 22908 and 2815476?
276
Calculate the greatest common divisor of 12289097 and 9926.
709
Calculate the greatest common factor of 4 and 836601544.
4
Calculate the greatest common factor of 9657 and 5806003.
1073
What is the highest common divisor of 1536 and 35562?
6
What is the greatest common factor of 330 and 15014094?
6
Calculate the highest common divisor of 2850990 and 15255.
1695
Calculate the greatest common factor of 230837311 and 197.
197
What is the highest common divisor of 636966 and 144?
18
Calculate the greatest common factor of 240975 and 98889.
357
What is the highest common factor of 228 and 3700056?
12
Calculate the highest common factor of 3601620 and 5280.
660
What is the greatest common divisor of 28077933 and 6591?
39
What is the greatest common factor of 28492106 and 5690?
1138
Calculate the greatest common factor of 975 and 2297775.
75
What is the highest common factor of 626 and 5318?
2
What is the greatest common factor of 2533 and 468401?
17
Calculate the greatest common factor of 17072 and 71475808.
1552
Calculate the highest common divisor of 4639518 and 36.
18
Calculate the greatest common divisor of 50384 and 80981.
47
What is the greatest common factor of 19560 and 429342?
978
Calculate the highest common divisor of 4496 and 59565256.
2248
What is the highest common factor of 156 and 94728842?
26
Calculate the greatest common divisor of 6 and 14045496.
6
What is the highest common factor of 6578 and 452870?
506
Calculate the highest common factor of 81627810 and 339.
339
Calculate the greatest common divisor of 21519 and 4677593.
797
What is the greatest common divisor of 98 and 9336166?
98
Calculate the greatest common factor of 389203 and 6775107.
2479
What is the greatest common factor of 305341484 and 140?
28
What is the highest common factor of 4696901 and 77?
11
What is the highest common factor of 18042 and 207855?
93
What is the greatest common divisor of 5420 and 737764980?
5420
What is the highest common divisor of 102 and 10780176?
102
Calculate the highest common factor of 1274436 and 1674.
18
Calculate the greatest common divisor of 44509 and 15933.
47
Calculate the greatest common divisor of 24 and 424582328.
8
Calculate the greatest common divisor of 132768 and 7770.
6
What is the greatest common divisor of 91091552 and 17922?
5974
Calculate the greatest common divisor of 30564873 and 4257.
387
Calculate the highest common factor of 12424360 and 164840.
520
What is the greatest common factor of 1959667 and 18037?
1061
Calculate the highest common divisor of 16837 and 403.
1
Calculate the greatest common divisor of 32 and 134080656.
16
What is the greatest common divisor of 4530 and 697140?
30
What is the greatest common factor of 28 and 49255668?
28
What is the highest common divisor of 23075836 and 4340?
28
Calculate the greatest common divisor of 72712 and 419436.
244
Calculate the highest common factor of 29052 and 153417156.
3228
Calculate the highest common divisor of 23512 and 822464.
8
What is the greatest common divisor of 1206370 and 2860?
110
Calculate the highest common factor of 26000 and 118878500.
6500
What is the highest common divisor of 1544323 and 275?
11
Calculate the highest common factor of 22393690 and 198.
22
What is the highest common factor of 839500040 and 20?
20
What is the greatest common factor of 33251592 and 10912?
2728
What is the greatest common factor of 251187 and 130153?
829
Calculate the highest common divisor of 693 and 19467525.
231
Calculate the highest common divisor of 1260 and 13333005.
315
Calculate the greatest common factor of 44762775 and 12300.
3075
What is the greatest common factor of 177 and 7750653?
177
Calculate the highest common factor of 4956 and 1875492.
708
Calculate the highest common factor of 10056504 and 36.
12
What is the highest common divisor of 1395954 and 486?
162
Calculate the highest common factor of 3074 and 509436.
106
What is the greatest common divisor of 95951482 and 418?
418
Calculate the greatest common divisor of 19884 and 2412.
12
Calculate the greatest common factor of 17751568 and 64.
16
What is the highest common factor of 359176 and 3672?
136
Calculate the greatest common factor of 544 and 3747424.
32
Calculate the greatest common factor of 120162 and 5628.
42
What is the greatest common factor of 6566845 and 144437?
3359
Calculate the highest common divisor of 5177671 and 153053.
3733
What is the greatest common divisor of 876 and 2333956?
292
What is the greatest common factor of 31188157 and 1001?
1001
What is the highest common factor of 28694161 and 38?
19
Calculate the highest common factor of 10393 and 3657044.
19
What is the greatest common factor of 224 and 305349240?
56
Calculate the highest common factor of 3868938 and 216.
54
What is the greatest common divisor of 36401032 and 928?
232
What is the highest common divisor of 4597148 and 69?
23
Calculate the greatest common factor of 229734 and 1206.
18
Calculate the greatest common factor of 561 and 36360687.
33
Calculate the highest common factor of 14 and 726674.
2
Calculate the highest common divisor of 160 and 6888920.
40
Calculate the greatest common divisor of 18714599 and 116.
29
Calculate the highest common factor of 91730908 and 10408.
5204
What is the greatest common divisor of 94376 and 78866?
94
What is the highest common factor of 540 and 129147420?
60
What is the highest common divisor of 3680880 and 192?
48
What is the greatest common factor of 53794451 and 1655?
331
Calculate the greatest common factor of 1434783 and 2037.
21
What is the greatest common divisor of 4746 and 6332520?
678
Calculate the greatest common divisor of 194 and 14012426.
194
What is the highest common factor of 13 and 707640323?
13
Calculate the highest common divisor of 1450 and 4008475.
25
Calculate the highest common divisor of 784 and 4372564.
196
Calculate the greatest common factor of 47456 and 4167230.
2966
Calculate the greatest common factor of 348 and 362749284.
348
What is the greatest common divisor of 18802887 and 4879?
41
What is the greatest common divisor of 869 and 397244232?
869
Calculate the highest common divisor of 80 and 27230020.
20
What is the greatest common factor of 3339 and 247527?
63
Calculate the highest common divisor of 4425 and 554025.
75
Calculate the highest common factor of 235887 and 772077.
183
Calculate the greatest common divisor of 4896 and 4624884.
612
Calculate the highest common factor of 1615374 and 1962.
18
What is the highest common f